divide 735?
True
Is 3581 a multiple of 116?
False
Does 35 divide 105?
True
Does 2 divide 127?
False
Does 22 divide 167?
False
Does 14 divide 5203?
False
Is 11636 a multiple of 165?
False
Is 1965 a multiple of 83?
False
Is 4200 a multiple of 25?
True
Is 24 a factor of 696?
True
Does 116 divide 18748?
False
Does 198 divide 4158?
True
Does 19 divide 513?
True
Does 7 divide 209?
False
Does 16 divide 2128?
True
Is 162 a factor of 21384?
True
Is 1600 a multiple of 32?
True
Does 20 divide 2476?
False
Is 54 a multiple of 27?
True
Does 14 divide 396?
False
Is 6510 a multiple of 10?
True
Does 13 divide 4497?
False
Does 245 divide 11118?
False
Does 26 divide 7644?
True
Is 20 even?
True
Does 17 divide 1494?
False
Does 25 divide 304?
False
Does 99 divide 3418?
False
Does 48 divide 1728?
True
Is 11 a factor of 99?
True
Does 8 divide 153?
False
Is 46096 a multiple of 16?
True
Does 17 divide 8264?
False
Does 22 divide 251?
False
Does 45 divide 5850?
True
Is 28 a factor of 23501?
False
Is 5 a factor of 3420?
True
Is 20539 a multiple of 6?
False
Is 31649 a multiple of 93?
False
Does 44 divide 90024?
True
Is 133 a factor of 5852?
True
Is 123 a factor of 984?
True
Is 77 a factor of 56826?
True
Is 12 a factor of 720?
True
Is 11 a factor of 3784?
True
Does 33 divide 9339?
True
Is 11 a factor of 158?
False
Is 717 a multiple of 54?
False
Is 20175 a multiple of 14?
False
Is 2844 a multiple of 4?
True
Does 26 divide 3926?
True
Is 110 a factor of 2075?
False
Is 6 a factor of 1471?
False
Is 19 a factor of 930?
False
Is 87 a factor of 32451?
True
Does 5 divide 2437?
False
Is 7217 a multiple of 82?
False
Is 39029 a multiple of 126?
False
Does 52 divide 36868?
True
Is 44856 a multiple of 84?
True
Does 16 divide 10384?
True
Is 385 a multiple of 29?
False
Is 525 a multiple of 73?
False
Is 28245 a multiple of 105?
True
Is 721 a multiple of 16?
False
Does 16 divide 3440?
True
Is 19620 a multiple of 218?
True
Is 47 a factor of 5123?
True
Is 28432 a multiple of 4?
True
Is 40 a factor of 560?
True
Does 5 divide 540?
True
Does 72 divide 9000?
True
Is 16 a factor of 45510?
False
Is 66 a factor of 1415?
False
Does 46 divide 1104?
True
Is 102 a factor of 3480?
False
Is 1866 a multiple of 21?
False
Is 32 a factor of 5888?
True
Is 14880 a multiple of 12?
True
Is 59 a factor of 36804?
False
Does 18 divide 2682?
True
Is 19 a factor of 38?
True
Is 42 a factor of 126?
True
Is 523 a multiple of 28?
False
Does 126 divide 4662?
True
Is 176940 a multiple of 15?
True
Is 571 a multiple of 2?
False
Does 8 divide 5885?
False
Does 68 divide 10054?
False
Is 4120 a multiple of 8?
True
Is 12 a factor of 4104?
True
Is 7459 a multiple of 7?
False
Is 4548 a multiple of 2?
True
Is 3105 a multiple of 15?
True
Is 67 a factor of 11379?
False
Is 10 a factor of 529?
False
Is 9262 a multiple of 22?
True
Is 28 a factor of 1792?
True
Does 3 divide 1482?
True
Is 1260 a multiple of 35?
True
Does 35 divide 1385?
False
Is 19315 a multiple of 22?
False
Is 56 a factor of 2451?
False
Is 1139 a multiple of 33?
False
Is 2438 a multiple of 53?
True
Is 2204 a multiple of 29?
True
Is 18 a factor of 35?
False
Is 585 a multiple of 13?
True
Does 9 divide 214?
False
Is 36288 a multiple of 21?
True
Is 21 a factor of 1638?
True
Is 38228 a multiple of 11?
False
Is 1364 a multiple of 22?
True
Does 12 divide 15721?
False
Does 4 divide 1027?
False
Does 21 divide 3301?
False
Is 5 a factor of 285?
True
Does 81 divide 7905?
False
Is 5080 a multiple of 16?
False
Is 54 a multiple of 6?
True
Does 85 divide 65535?
True
Is 1887 a multiple of 27?
False
Is 141 a factor of 115197?
True
Does 13 divide 91?
True
Is 31 a factor of 5132?
False
Is 40421 a multiple of 23?
False
Does 5 divide 443?
False
Is 39 a factor of 3900?
True
Does 23 divide 485?
False
Is 92 a factor of 1978?
False
Is 239 a multiple of 2?
False
Is 1054 a multiple of 24?
False
Is 15 a factor of 11865?
True
Is 1177 a multiple of 31?
False
Does 69 divide 17314?
False
Is 170 a multiple of 10?
True
Is 92 a factor of 3496?
True
Is 17 a factor of 1296?
False
Is 616 a multiple of 20?
False
Is 114 a factor of 4465?
False
Is 35 a factor of 10745?
True
Is 68 a factor of 39258?
False
Is 600 a multiple of 3?
True
Is 74 a factor of 1332?
True
Is 29 a factor of 78329?
True
Is 88 a factor of 595?
False
Is 37 a factor of 375?
False
Is 36 a factor of 269?
False
Is 308 a multiple of 28?
True
Is 11 a factor of 935?
True
Is 108 a factor of 13068?
True
Is 23 a factor of 14191?
True
Is 1416 a multiple of 174?
False
Is 1525 a multiple of 5?
True
Is 21 a factor of 1028?
False
Does 4 divide 410?
False
Is 26 a factor of 286?
True
Does 42 divide 23100?
True
Is 1538 a multiple of 11?
False
Is 11 a factor of 4700?
False
Is 54189 a multiple of 138?
False
Does 7 divide 2202?
False
Is 4 a factor of 494?
False
Is 58 a factor of 5509?
False
Is 58721 a multiple of 13?
True
Does 59 divide 59?
True
Is 280 a multiple of 20?
True
Is 32 a factor of 55?
False
Does 6 divide 66?
True
Does 19 divide 988?
True
Is 5157 a multiple of 9?
True
Does 207 divide 64205?
False
Is 12 a factor of 2009?
False
Is 19 a factor of 1767?
True
Does 39 divide 2613?
True
Does 5 divide 913?
False
Is 19578 a multiple of 39?
True
Is 8 a factor of 23800?
True
Is 69 a factor of 1518?
True
Is 26253 a multiple of 14?
False
Is 1153 a multiple of 62?
False
Is 149 a factor of 7301?
True
Is 60606 a multiple of 78?
True
Is 313 a multiple of 6?
False
Does 16 divide 1422?
False
Is 1377 a multiple of 9?
True
Does 4 divide 701?
False
Does 16 divide 1367?
False
Does 10 divide 7180?
True
Is 18 a factor of 756?
True
Is 110 a factor of 20785?
False
Is 4 a factor of 133?
False
Is 87 even?
False
Does 196 divide 24331?
False
Is 8 a factor of 1168?
True
Is 15 a factor of 61880?
False
Is 8 a factor of 408?
True
Is 8 a factor of 704?
True
Is 10 a factor of 300?
True
Is 179 a multiple of 10?
False
Is 258 a factor of 62952?
True
Is 4 a factor of 11300?
True
Is 14 a factor of 308?
True
Is 9 a factor of 1359?
True
Does 25 divide 12373?
False
Does 181 divide 7421?
True
Is 9288 a multiple of 72?
True
Is 2492 a multiple of 71?
False
Is 297 a multiple of 11?
True
Does 25 divide 85?
False
Is 8 a factor of 228?
False
Does 6 divide 83?
False
Does 9 divide 279?
True
Is 41 a factor of 19912?
False
Is 7846 a multiple of 89?
False
Does 158 divide 1896?
True
Does 12 divide 156?
True
Is 42 a factor of 588?
True
Does 2 divide 2266?
True
Is 2899 a multiple of 13?
True
Is 7 a factor of 5019?
True
Does 12 divide 276?
True
Is 7884 a multiple of 20?
False
Does 69 divide 68759?
False
Is 453 a multiple of 11?
False
Is 44 a factor of 8624?
True
Is 879 a multiple of 18?
False
Does 9 divide 5859?
True
Is 40 a factor of 3640?
True
Is 23730 a multiple of 210?
True
Is 1352 a multiple of 5?
False
Is 294 a multiple of 24?
False
Is 10 a factor of 130?
True
Is 70 a factor of 1960?
True
Does 9 divide 828?
True
Is 2 a factor of 177?
False
Does 15 divide 4981?
False
Is 399 a multiple of 10?
False
Does 41 divide 1746?
False
Is 11 a factor of 7392?
True
Does 276 divide 24012?
True
Does 35 divide 45220?
True
Is 178 a multiple of 3?
False
Does 77 divide 4277?
False
Is 20 a factor of 760?
True
Is 20 a factor of 2454?
False
Is 426 a multiple of 5?
False
Is 820 a multiple of 10?
True
Is 192 a multiple of 34?
False
Is 26 a factor of 643?
False
Is 12 a factor of 24?
True
Does 41 divide 3300?
False
Is 393 a multiple of 42?
False
Does 14 divide 2954?
True
Does 40 divide 9875?
False
Does 29 divide 861?
False
Is 34 a factor of 1020?
True
Is 1651 a multiple of 13?
True
Is 18 a factor of 75285?
False
Is 328 a multiple of 41?
True
Is 2444 a multiple of 16?
False
Is 20 a factor of 21769?
False
Is 6089 a multiple of 11?
False
Is 46 a factor of 4107?
False
Does 7 divide 1050?
True
Does 27 divide 9244?
False
Is 2785 a multiple of 14?
False
Does 94 divide 687?
False
Does 91 divide 24661?
True
Is 6160 a multiple of 35?
True
Is 5 a factor of 2685?
True
Does 81 divide 40257?
True
Is 86665 a multiple of 31?
False
Is 2238 a multiple of 38?
False
Does 12 divide 48?
True
Does 15 divide 210?
True
Is 671 a multiple of 11?
True
Is 1984 a multiple of 25?
False
Is 11925 a multiple of 15?
True
Is 11692 a multiple of 143?
False
Is 61 a factor of 2745?
True
Is 5 a factor of 1594?
False
Is 46 a factor of 1687?
False
Does 164 divide 32964?
Tr